of 332556.
2, 3, 7, 37, 107
What are the prime factors of 82391368?
2, 10298921
What are the prime factors of 884648154?
2, 3, 13, 11341643
List the prime factors of 4889688575.
5, 53, 449, 8219
What are the prime factors of 26768044?
2, 23, 29, 79, 127
What are the prime factors of 66897637?
43, 1555759
List the prime factors of 33321283.
33321283
What are the prime factors of 242284382?
2, 281, 593, 727
List the prime factors of 138123347.
138123347
What are the prime factors of 58643479?
1973, 29723
What are the prime factors of 68415451?
13, 43, 122389
List the prime factors of 6893692763.
17, 547, 741337
What are the prime factors of 247704083?
11, 19, 41, 137, 211
List the prime factors of 37126855.
5, 19, 390809
What are the prime factors of 547886?
2, 273943
What are the prime factors of 123593501?
123593501
What are the prime factors of 2907166296?
2, 3, 121131929
List the prime factors of 44890080.
2, 3, 5, 41, 2281
What are the prime factors of 64112808?
2, 3, 2671367
What are the prime factors of 369264782?
2, 184632391
What are the prime factors of 73093747?
23, 137, 23197
List the prime factors of 2152621650.
2, 3, 5, 167, 85933
List the prime factors of 1810401388.
2, 452600347
List the prime factors of 23342546.
2, 11671273
List the prime factors of 2903089649.
2903089649
What are the prime factors of 1300417?
19, 68443
List the prime factors of 575709500.
2, 5, 19, 60601
What are the prime factors of 2378336384?
2, 1319, 14087
List the prime factors of 761582537.
761582537
What are the prime factors of 55458705?
3, 5, 113, 32719
List the prime factors of 19318230.
2, 3, 5, 71549
List the prime factors of 568461817.
7, 11, 19, 283, 1373
What are the prime factors of 1021841928?
2, 3, 241, 58889
List the prime factors of 4596832.
2, 143651
List the prime factors of 109353647.
13, 31, 20873
What are the prime factors of 2969337735?
3, 5, 7, 13, 725113
List the prime factors of 112103258.
2, 107, 523847
What are the prime factors of 1747071?
3, 194119
List the prime factors of 401802937.
19, 21147523
List the prime factors of 32686787.
7, 293, 15937
What are the prime factors of 1343831329?
1343831329
List the prime factors of 88518485.
5, 11, 31, 193, 269
List the prime factors of 33372643.
131, 254753
What are the prime factors of 83468534?
2, 53, 787439
List the prime factors of 1568452994.
2, 29, 137, 197389
What are the prime factors of 290322509?
29, 10011121
What are the prime factors of 892864340?
2, 5, 19, 2349643
What are the prime factors of 126370331?
126370331
What are the prime factors of 1691923893?
3, 11, 3203, 16007
What are the prime factors of 119500861?
19, 37, 169987
List the prime factors of 111550180.
2, 5, 7, 401, 1987
List the prime factors of 1708074728.
2, 17, 12559373
List the prime factors of 3754081438.
2, 179, 10486261
What are the prime factors of 40583215?
5, 8116643
What are the prime factors of 240303506?
2, 31, 239, 16217
List the prime factors of 776388938.
2, 13, 29861113
What are the prime factors of 36331126?
2, 13, 71, 19681
What are the prime factors of 28950899?
89, 227, 1433
List the prime factors of 440695215.
3, 5, 19, 171811
List the prime factors of 7654348498.
2, 17, 9871, 22807
List the prime factors of 1976330893.
42457, 46549
What are the prime factors of 218324110?
2, 5, 167, 239, 547
List the prime factors of 167533512.
2, 3, 1877, 3719
What are the prime factors of 143309062?
2, 13, 193, 28559
What are the prime factors of 4696151853?
3, 19, 101, 815729
What are the prime factors of 1200895028?
2, 17, 17660221
List the prime factors of 766598819.
7, 37, 2959841
List the prime factors of 1954371923.
7, 499, 559511
List the prime factors of 55111737.
3, 89, 206411
List the prime factors of 116937439.
116937439
What are the prime factors of 36000075?
3, 5, 37, 12973
What are the prime factors of 153979804?
2, 11, 3499541
What are the prime factors of 2909544633?
3, 61, 607, 8731
What are the prime factors of 21631762?
2, 107, 271, 373
What are the prime factors of 56945173?
56945173
List the prime factors of 1692723276.
2, 3, 113, 416107
List the prime factors of 24041705.
5, 449, 10709
List the prime factors of 2323028523.
3, 191, 4054151
What are the prime factors of 2089792887?
3, 7, 13, 7654919
What are the prime factors of 825019458?
2, 3, 137503243
What are the prime factors of 246361170?
2, 3, 5, 11, 37, 20177
What are the prime factors of 92580828?
2, 3, 7715069
What are the prime factors of 4756260330?
2, 3, 5, 17615779
List the prime factors of 1824221611.
1824221611
What are the prime factors of 6313127817?
3, 2104375939
List the prime factors of 26870244.
2, 3, 109, 20543
List the prime factors of 510606704.
2, 31, 79, 83, 157
What are the prime factors of 442318800?
2, 3, 5, 7, 11, 4787
List the prime factors of 535813648.
2, 33488353
List the prime factors of 1333347993.
3, 29, 73, 23327
What are the prime factors of 460357098?
2, 3, 23, 587, 5683
What are the prime factors of 44359775?
5, 19, 47, 1987
List the prime factors of 699841672.
2, 2477, 35317
List the prime factors of 170057699.
7, 23, 127, 8317
List the prime factors of 282357849.
3, 5527, 17029
What are the prime factors of 244358169?
3, 11, 607, 1109
List the prime factors of 77659227.
3, 877, 9839
List the prime factors of 1705402914.
2, 3, 284233819
What are the prime factors of 1870637134?
2, 19, 49227293
List the prime factors of 190752911.
167, 1142233
What are the prime factors of 1401900622?
2, 37, 18944603
What are the prime factors of 2018337264?
2, 3, 1557359
List the prime factors of 1313361124.
2, 71, 83, 55717
List the prime factors of 133695940.
2, 5, 7, 954971
What are the prime factors of 688688252?
2, 7, 37, 664757
List the prime factors of 528400970.
2, 5, 17, 211, 14731
List the prime factors of 2428541607.
3, 79, 151, 859
List the prime factors of 157986043.
157986043
List the prime factors of 40856191.
40856191
List the prime factors of 1156060389.
3, 11, 137, 255709
List the prime factors of 92706619.
107, 866417
List the prime factors of 236345214.
2, 3, 7, 5627267
What are the prime factors of 123698693?
123698693
List the prime factors of 6753753.
3, 31, 8069
What are the prime factors of 5836863164?
2, 11, 17, 2087, 3739
List the prime factors of 35937702.
2, 3, 19, 35027
List the prime factors of 1930622835.
3, 5, 4021, 32009
List the prime factors of 494757697.
7, 70679671
List the prime factors of 243804960.
2, 3, 5, 7, 19, 67
List the prime factors of 18676040.
2, 5, 139, 3359
What are the prime factors of 232977308?
2, 37, 47, 33493
What are the prime factors of 4262100679?
4262100679
List the prime factors of 59327383.
59327383
What are the prime factors of 5241978820?
2, 5, 13, 20161457
List the prime factors of 2600475103.
2600475103
List the prime factors of 79688788.
2, 19922197
List the prime factors of 123415709.
123415709
What are the prime factors of 51325664?
2, 13, 123379
What are the prime factors of 24837146?
2, 1069, 11617
List the prime factors of 26841519.
3, 59, 50549
What are the prime factors of 1715679625?
5, 11, 1247767
What are the prime factors of 26630021?
11, 23, 67, 1571
What are the prime factors of 561176227?
433, 1296019
List the prime factors of 60217715.
5, 101, 119243
What are the prime factors of 544038547?
13, 461, 6983
What are the prime factors of 107477789?
107477789
List the prime factors of 4525666020.
2, 3, 5, 89, 10463
What are the prime factors of 1757913662?
2, 17, 419, 123397
List the prime factors of 1815819.
3, 577, 1049
What are the prime factors of 98641917?
3, 11, 23, 43321
List the prime factors of 21715811.
13, 1670447
What are the prime factors of 241586338?
2, 7, 17256167
What are the prime factors of 760954811?
709, 1073279
List the prime factors of 1758941518.
2, 571, 1540229
List the prime factors of 624897819.
3, 7, 13, 763001
What are the prime factors of 72557831?
233, 311407
What are the prime factors of 198843373?
17, 11696669
What are the prime factors of 4093725285?
3, 5, 13, 2332607
List the prime factors of 200419836.
2, 3, 31, 538763
What are the prime factors of 977877590?
2, 5, 97787759
List the prime factors of 1739292014.
2, 31, 73, 384289
List the prime factors of 11219074.
2, 1427, 3931
What are 